)/1. Let m be u/(-6) - (-4)/(-12). Suppose -2*n + n = -m. Calculate the greatest common divisor of n and 16.
16
Suppose -14*b + 2149 = -1127. What is the highest common factor of 18 and b?
18
Let n = -6 + 9. Let v be (6 + 9)/(n/8). Calculate the greatest common divisor of v and 16.
8
Suppose -17 - 23 = -4*m. What is the greatest common divisor of 15 and m?
5
Suppose 0 = -6*p - 147 + 795. Calculate the highest common factor of 12 and p.
12
Let j = -105 + 129. Calculate the greatest common divisor of j and 24.
24
Let o = -15 + 24. What is the highest common divisor of o and 3?
3
Let p = -11 + 1. Let o be 1 + 6 + p + 12. Calculate the highest common divisor of 81 and o.
9
Suppose -8*w = -3*w + 5*q - 120, -5*q + 36 = w. What is the greatest common factor of w and 84?
21
Let p(j) = j + 30. Let m be p(-12). Calculate the greatest common factor of m and 126.
18
Let b = 486 + -395. Suppose -7 = c - 20. What is the highest common factor of b and c?
13
Suppose 0 = -c + 3*c - 26. What is the highest common divisor of 26 and c?
13
Suppose 5*x = x + 120. What is the greatest common divisor of x and 330?
30
Suppose 3*p + 2*m = -0*m + 18, 5*p + 3*m - 29 = 0. Suppose -27 = p*c - 7*c. What is the highest common divisor of c and 36?
9
Let s(i) = i - 5. Let w = 40 - 29. Let x be s(w). Calculate the highest common factor of 6 and x.
6
Let q = 60 + -52. Calculate the greatest common divisor of 48 and q.
8
Let i be 75/5 + -3 - 3. Calculate the highest common factor of i and 12.
3
Suppose 0 = -4*n + 20, -v = 2*v - n - 268. Let y = 127 - v. Suppose 0 = 4*j - 0*j, 2*b = -2*j + y. What is the highest common divisor of 6 and b?
6
Let o = 29 + -25. Let p be (o + -5)*3 + 36. Calculate the greatest common divisor of p and 3.
3
Let f be 4/((-164)/(-40) + -4). What is the highest common factor of f and 8?
8
Let n be (-2)/(-4)*3*2. Suppose n + 237 = 3*x. Calculate the highest common divisor of 32 and x.
16
Suppose 2*a = -7*a + 225. What is the highest common factor of a and 225?
25
Suppose -2*p - i = 2*i - 20, 0 = -3*p - i + 44. What is the greatest common divisor of 64 and p?
16
Let a(w) = -5*w**3 + w**2 - w. Let z be a(1). Let g be (1/3)/(z/(-15)). Let f = 15 - 6. What is the highest common factor of f and g?
1
Suppose 0 = 2*x + 4*u - 10, 4*u = 4*x + 1 + 3. What is the highest common divisor of x and 1?
1
Let m = 5 - 5. Suppose 5*r + 5*k = 30, -2*r + m*k + 14 = 4*k. Calculate the highest common divisor of r and 25.
5
Let j be (13 - 0)*(2 - 10)/(-4). What is the highest common divisor of j and 13?
13
Let b(v) = 8*v + 1. Let n be 0 + -4*2/(-4). Let t be b(n). What is the greatest common divisor of 85 and t?
17
Suppose -3 = -8*w + 5. Calculate the highest common factor of w and 23.
1
Let n = 18 - 7. Suppose -s + 0*s + n = 0. Calculate the highest common factor of 77 and s.
11
Let k = 10 + -9. Let o(p) = 7*p**2 - p + 1. Let u be o(k). Suppose 160 = u*j - 3*j. What is the greatest common factor of j and 10?
10
Suppose -95 = -6*g + 433. What is the greatest common factor of g and 11?
11
Suppose 4*t = -0*t - s + 85, -3*s = -4*t + 81. Suppose -t = -2*y - 5. Suppose -8 = 4*i - 72. What is the greatest common factor of i and y?
8
Let x = -20 - -28. Let c = -52 - -76. What is the greatest common divisor of x and c?
8
Let z = -58 + 59. What is the highest common divisor of 2 and z?
1
Suppose 3*w + 95 = 5*s, -3*s + 0*s = 5*w - 23. Let q be (-74)/(-10) + 2/(-5). Let d = 105 + q. What is the greatest common factor of s and d?
16
Suppose -4*o + 123 - 31 = 0. Calculate the highest common divisor of 230 and o.
23
Let y be (-1 - -1) + (-30)/(-2). Suppose w = 6*w - 35. Let u = y - w. Calculate the greatest common factor of u and 88.
8
Let k = -158 - -210. What is the greatest common divisor of 416 and k?
52
Suppose 168 = 3*o + 5*s - 111, o = -4*s + 100. Calculate the greatest common divisor of 132 and o.
44
Suppose -13*o + 61 = -121. Suppose 10 = -5*x, -2*x = -4*u + 306 + 314. Calculate the highest common factor of u and o.
14
Let t be (435/(-6))/(-1)*4. Suppose -3*k + t = 5*s, -s + 24 = 3*k - 46. Calculate the highest common divisor of s and 5.
5
Let v = -26 + 27. What is the greatest common factor of 7 and v?
1
Let y be 2/(72/(-38) - -2). What is the greatest common divisor of y and 209?
19
Let r be -46*((-20)/8 - -2). Let u = 39 - 16. What is the highest common factor of u and r?
23
Let p = -43 - -61. Suppose -j + 2*z = -8, 0 = -2*j - 0*z + 2*z + p. Let n(d) = -10*d. Let w be n(-1). Calculate the highest common factor of w and j.
10
Suppose -3*h = -23 - 7. What is the highest common divisor of 30 and h?
10
Suppose 5*i + 159 = 3*u, -4*u - 2*i = -2*u - 90. Suppose -21*w = -13*w - 256. Calculate the highest common factor of w and u.
16
Let i(t) = -28*t - 6. Let p be i(-4). What is the greatest common divisor of p and 159?
53
Let x = 1022 - 956. Let g be 1/(-1) + 12 + 0. Calculate the highest common divisor of g and x.
11
Let q be (-12)/42 + 452/14. Let f be 6/(-39) + (-8)/(-52). Suppose f = -2*l - 5*x - 7, -4*l + 3*l + 7 = -x. What is the greatest common factor of l and q?
4
Suppose 0*w = 2*w - 16. Let s = 13 - w. Suppose -s*y = -109 - 26. Calculate the highest common divisor of y and 3.
3
Suppose 3*r + 88 = 2*h - 197, 0 = -4*h - r + 591. What is the greatest common divisor of h and 21?
21
Let y(z) = -z**2 + 7*z - 6. Let t be y(6). Suppose n + n - 6 = t. Suppose -2 = -w + n. Calculate the greatest common divisor of 35 and w.
5
Suppose 5*d = 4*d + 2. Suppose -v + 844 = d*u + 190, -5*v = u - 3252. Suppose 650 = 5*s + 4*r + r, v = 5*s + r. Calculate the highest common factor of 13 and s.
13
Let n(z) = z - 5. Let c be n(5). Suppose c = 3*i - 4*i + 19. Calculate the greatest common divisor of 19 and i.
19
Suppose 42 = 10*c - 3*c. What is the highest common divisor of 39 and c?
3
Let h(v) = -25*v - 10. Let x be h(-3). What is the highest common divisor of x and 26?
13
Suppose 0*j - 2*j = -4. Let w be (j/3)/((-2)/(-3)). Suppose 4*f - 21 = -3*y, -3*y - f = y - 28. What is the greatest common divisor of w and y?
1
Suppose -2*x + 4*x + 214 = 2*s, 3*s = -x + 333. Suppose 40 = 4*f - 0*f. Calculate the greatest common divisor of s and f.
10
Let x(s) = -s**2 + s - 4. Let r be x(0). Let k be 3/((-10)/r - 2). What is the greatest common divisor of k and 42?
6
Let r(j) = -2*j**3 - 30*j**2 - 4*j + 15. Let o be r(-15). Calculate the highest common divisor of o and 30.
15
Let b = -12 - -24. Let l(r) = 3 - 4 - 20*r - 3. Let f be l(-2). What is the highest common factor of b and f?
12
Let q(u) = -u**2 + 8*u - 1. Let f be q(6). What is the highest common divisor of f and 1?
1
Let s(q) = 36*q**2 - q - 1. Let n be ((-2)/(-2))/((-5)/5). Let z be s(n). Suppose -8 = -v - v. Calculate the greatest common factor of v and z.
4
Suppose 4*n - 746 = -2*d, -3*d - 133 = -2*n + 260. What is the greatest common divisor of 27 and n?
27
Suppose 3*y = 5*y - 152. Suppose 0 = 2*o - 0*o - y. Calculate the highest common divisor of o and 95.
19
Let y(g) = g**3 + 13*g**2 - 2*g - 24. Let a be y(-13). Calculate the highest common divisor of 14 and a.
2
Let s(l) = -l**2 + 6*l + 2. Let w be s(6). Let n be 9/w*120/9. Suppose -4*q = m - 62, 4*q - m + 3*m - n = 0. What is the greatest common factor of 48 and q?
16
Suppose 3 = 5*w - 2*h - 4, -2*w - 5*h = 3. Let r be ((-12)/10)/((-10)/(-25)). Let l = w - r. Calculate the greatest common divisor of l and 20.
4
Suppose -4*o = -d + 6*d - 73, -94 = -4*o + 2*d. Suppose 0 = 2*k - 34 + o. What is the greatest common divisor of k and 24?
6
Suppose 100 = 3*s - 2*g, 5*s - 56 = -2*g + 132. Calculate the highest common factor of 4 and s.
4
Let n(u) = -u + 4. Let j be n(8). Let l be (-104)/(-6) - j/6. Suppose 0 = 5*o + 2*p - 129, -4*p + 5 + 10 = o. What is the greatest common divisor of l and o?
9
Let d = -149 + 213. Let y be -1 + -1 - (4 - 14). What is the greatest common factor of d and y?
8
Suppose 4*g = -3*z - 0*z + 8, 3*g - z - 6 = 0. Suppose -g*n + 23 = -7. Calculate the greatest common divisor of 60 and n.
15
Suppose p + 4 = 3*p. Calculate the highest common divisor of p and 5.
1
Let w(y) = -y**2 + 110. Let r be w(0). Let i = -30 + r. Suppose 0 = 3*b - j - 10, -5*b - 5*j - 30 = -i. Calculate the highest common factor of 45 and b.
5
Let h(t) = t + 33. Let m be h(0). Calculate the highest common fact